{"id":69,"date":"2021-02-18T10:59:27","date_gmt":"2021-02-18T10:59:27","guid":{"rendered":"https:\/\/demosites.io\/neve-3\/shop\/"},"modified":"2021-02-18T10:59:27","modified_gmt":"2021-02-18T10:59:27","slug":"asociados","status":"publish","type":"page","link":"https:\/\/www.ecbv.net\/index.php\/asociados\/","title":{"rendered":"Asociados"},"content":{"rendered":"\n<div id=\"wp-block-themeisle-blocks-advanced-columns-2c60bc77\" class=\"wp-block-themeisle-blocks-advanced-columns alignfull has-1-columns has-desktop-equal-layout has-tablet-equal-layout has-mobile-collapsedRows-layout has-reverse-columns-mobile has-vertical-center ticss-c00aadba\"><div class=\"wp-block-themeisle-blocks-advanced-columns-overlay\"><\/div><div class=\"innerblocks-wrap\">\n<div id=\"wp-block-themeisle-blocks-advanced-column-75b9263d\" class=\"wp-block-themeisle-blocks-advanced-column\">\n<div style=\"height:100px\" aria-hidden=\"true\" class=\"wp-block-spacer\"><\/div>\n\n\n\n<h1 id=\"wp-block-themeisle-blocks-advanced-heading-5d5675df\" class=\"wp-block-themeisle-blocks-advanced-heading wp-block-themeisle-blocks-advanced-heading-5d5675df\">Asociados<\/h1>\n\n\n\n<p id=\"wp-block-themeisle-blocks-advanced-heading-40ecd43d\" class=\"wp-block-themeisle-blocks-advanced-heading wp-block-themeisle-blocks-advanced-heading-40ecd43d\">Colaboramos con asociados estrat\u00e9gicos que fortalecen nuestras capacidades y garantizan soluciones de alto nivel.<\/p>\n\n\n\n<div class=\"wp-block-buttons is-content-justification-center is-layout-flex wp-container-core-buttons-is-layout-a89b3969 wp-block-buttons-is-layout-flex\"><\/div>\n\n\n\n<div style=\"height:100px\" aria-hidden=\"true\" class=\"wp-block-spacer\"><\/div>\n<\/div>\n<\/div><\/div>\n\n\n\n<div class=\"wp-block-stackable-spacer stk-block-spacer stk--no-padding stk-block stk-24f5cb9\" data-block-id=\"24f5cb9\"><\/div>\n\n\n\n<div class=\"wp-block-stackable-heading stk-block-heading stk-block-heading--v2 stk-block stk-52e91ad\" id=\"talento-de-marca\" data-block-id=\"52e91ad\"><h1 class=\"stk-block-heading__text has-text-align-center\">Talento de Marca<\/h1><\/div>\n\n\n\n<p><\/p>\n\n\n\n<section id=\"wp-block-themeisle-blocks-advanced-columns-ccfdd483\" class=\"wp-block-themeisle-blocks-advanced-columns alignfull has-2-columns has-desktop-equal-layout has-tablet-equal-layout has-mobile-collapsedRows-layout has-vertical-center has-light-bg\"><div class=\"wp-block-themeisle-blocks-advanced-columns-overlay\"><\/div><div class=\"innerblocks-wrap\">\n<div id=\"wp-block-themeisle-blocks-advanced-column-5e80d468\" class=\"wp-block-themeisle-blocks-advanced-column\">\n<div id=\"wp-block-themeisle-blocks-advanced-heading-32e5a6a4\" class=\"wp-block-themeisle-blocks-advanced-heading wp-block-themeisle-blocks-advanced-heading-32e5a6a4\"><\/div>\n\n\n\n<div class=\"wp-block-stackable-image stk-block-image has-text-align-left stk-block stk-e1fe004\" data-block-id=\"e1fe004\"><style>.stk-e1fe004 .stk-img-wrapper{width:50% !important;}<\/style><figure><span class=\"stk-img-wrapper stk-image--shape-stretch\"><img loading=\"lazy\" decoding=\"async\" class=\"stk-img wp-image-899\" src=\"https:\/\/www.ecbv.net\/wp-content\/uploads\/2025\/10\/Artboard-1-copy-4@4x.png\" width=\"1822\" height=\"386\"\/><\/span><\/figure><\/div>\n\n\n\n<h2 class=\"wp-block-heading has-text-align-left has-text-color has-link-color wp-elements-3e08820a3c3c6e306827b2cd82c4d259\" id=\"dedicated-to-excellence-in-service-1\" style=\"color:#080808;margin-top:25px;font-size:clamp(28.836px, 1.802rem + ((1vw - 3.2px) * 2.075), 50px);line-height:1.2\">Sistemas de Techos Butler: Precisi\u00f3n, Resistencia y Eficiencia.<\/h2>\n\n\n\n<p class=\"has-text-align-left has-text-color has-link-color wp-elements-c48aa9e4c1ee424ad88c27981d6aaeb6\" style=\"color:#080808\">Somos los representantes exclusivos en la Rep\u00fablica Dominicana de los techos Butler, un sistema tipo <em>standing seam<\/em> fabricado en acero con recubrimientos de alta calidad. Estos paneles vienen precortados y perforados para garantizar una alineaci\u00f3n precisa, adem\u00e1s de contar con ranuras y gu\u00edas preformadas que facilitan y aseguran el sello entre piezas.<\/p>\n\n\n\n<p class=\"has-text-align-left has-text-color has-link-color wp-elements-6a6c2c11e66040b8fc4d84ad8034fb29\" style=\"color:#080808\">Su dise\u00f1o permite una instalaci\u00f3n m\u00e1s r\u00e1pida y exacta, lo que ayuda a reducir los costos de construcci\u00f3n en comparaci\u00f3n con los m\u00e9todos tradicionales. Los techos Butler son una opci\u00f3n vers\u00e1til para cubiertas y paredes, utilizada en una amplia variedad de edificaciones, incluidas aquellas con sistemas de chapa de acero acanalada. Adem\u00e1s, cumplen con estrictos est\u00e1ndares de calidad, como la clasificaci\u00f3n UL 90 para resistencia al viento.<\/p>\n<\/div>\n\n\n\n<div id=\"wp-block-themeisle-blocks-advanced-column-db653346\" class=\"wp-block-themeisle-blocks-advanced-column\">\n<figure class=\"wp-block-image size-large has-custom-border\"><img decoding=\"async\" src=\"https:\/\/www.ecbv.net\/wp-content\/uploads\/2026\/01\/Butler-DaytonFreight_1360x640-1024x482.jpg\" alt=\"\" class=\"wp-image-1211\" style=\"border-radius:0px;aspect-ratio:3\/4;object-fit:cover\"\/><\/figure>\n<\/div>\n<\/div><\/section>\n\n\n\n<section id=\"wp-block-themeisle-blocks-advanced-columns-c0749dbe\" class=\"wp-block-themeisle-blocks-advanced-columns alignfull has-2-columns has-desktop-equal-layout has-tablet-equal-layout has-mobile-collapsedRows-layout has-vertical-center has-light-bg\"><div class=\"wp-block-themeisle-blocks-advanced-columns-overlay\"><\/div><div class=\"innerblocks-wrap\">\n<div id=\"wp-block-themeisle-blocks-advanced-column-de5519ed\" class=\"wp-block-themeisle-blocks-advanced-column\">\n<figure class=\"wp-block-image size-full has-custom-border\"><img decoding=\"async\" src=\"https:\/\/www.ecbv.net\/wp-content\/uploads\/2026\/01\/Penta-R6-Sicilia-6-in-evidenza.jpg\" alt=\"\" class=\"wp-image-1213\" style=\"border-radius:0px;aspect-ratio:3\/4;object-fit:cover\"\/><\/figure>\n<\/div>\n\n\n\n<div id=\"wp-block-themeisle-blocks-advanced-column-f65919db\" class=\"wp-block-themeisle-blocks-advanced-column\">\n<div id=\"wp-block-themeisle-blocks-advanced-heading-1c615631\" class=\"wp-block-themeisle-blocks-advanced-heading wp-block-themeisle-blocks-advanced-heading-1c615631\"><\/div>\n\n\n\n<div class=\"wp-block-stackable-image stk-block-image has-text-align-left stk-block stk-821c07e\" data-block-id=\"821c07e\"><style>.stk-821c07e .stk-img-wrapper{width:50% !important;}<\/style><figure><span class=\"stk-img-wrapper stk-image--shape-stretch\"><img loading=\"lazy\" decoding=\"async\" class=\"stk-img wp-image-1091\" src=\"https:\/\/www.ecbv.net\/wp-content\/uploads\/2026\/01\/italpannelli-logo.png\" width=\"2500\" height=\"746\"\/><\/span><\/figure><\/div>\n\n\n\n<h2 class=\"wp-block-heading has-text-align-left has-text-color has-link-color wp-elements-d86ace74a2e6777aee089e2b1a0eae73\" id=\"dedicated-to-excellence-in-service-1\" style=\"color:#080808;margin-top:25px;font-size:clamp(28.836px, 1.802rem + ((1vw - 3.2px) * 2.075), 50px);line-height:1.2\">Sistemas Aislantes para Cubiertas, Fachadas y C\u00e1maras Frigor\u00edficas.<\/h2>\n\n\n\n<p class=\"has-text-align-left has-text-color has-link-color wp-elements-b2c4a1569d24f725b5a6e36721c74c29\" style=\"color:#080808\">Es un fabricante l\u00edder de paneles s\u00e1ndwich aislantes con n\u00facleos de poliuretano o lana de roca, utilizados en construcci\u00f3n residencial, industrial y agropecuaria. Ofrecen una amplia gama de soluciones para cubiertas, fachadas y c\u00e1maras frigor\u00edficas, dise\u00f1adas para proporcionar alto aislamiento t\u00e9rmico y un acabado est\u00e9tico de alta calidad.\u00a0<\/p>\n<\/div>\n<\/div><\/section>\n\n\n\n<section id=\"wp-block-themeisle-blocks-advanced-columns-3f075d3c\" class=\"wp-block-themeisle-blocks-advanced-columns alignfull has-2-columns has-desktop-equal-layout has-tablet-equal-layout has-mobile-collapsedRows-layout has-vertical-center has-light-bg\"><div class=\"wp-block-themeisle-blocks-advanced-columns-overlay\"><\/div><div class=\"innerblocks-wrap\">\n<div id=\"wp-block-themeisle-blocks-advanced-column-a3e4c782\" class=\"wp-block-themeisle-blocks-advanced-column\">\n<div id=\"wp-block-themeisle-blocks-advanced-heading-86a7b275\" class=\"wp-block-themeisle-blocks-advanced-heading wp-block-themeisle-blocks-advanced-heading-86a7b275\"><\/div>\n\n\n\n<div class=\"wp-block-stackable-image stk-block-image has-text-align-left stk-block stk-495511e\" data-block-id=\"495511e\"><style>.stk-495511e .stk-img-wrapper{width:50% !important;}<\/style><figure><span class=\"stk-img-wrapper stk-image--shape-stretch\"><img loading=\"lazy\" decoding=\"async\" class=\"stk-img wp-image-1092\" src=\"https:\/\/www.ecbv.net\/wp-content\/uploads\/2026\/01\/wayne.png\" width=\"1551\" height=\"612\"\/><\/span><\/figure><\/div>\n\n\n\n<h2 class=\"wp-block-heading has-text-align-left has-text-color has-link-color wp-elements-3df7976114fac53bd7f194d67a2767b3\" id=\"dedicated-to-excellence-in-service-1\" style=\"color:#080808;margin-top:25px;font-size:clamp(28.836px, 1.802rem + ((1vw - 3.2px) * 2.075), 50px);line-height:1.2\">Tecnolog\u00eda en Puertas de Acceso Industrial y Comercial.<\/h2>\n\n\n\n<p class=\"has-text-align-left has-text-color has-link-color wp-elements-9a5ac32ed79bc2d6bd208efb4b31980a\" style=\"color:#080808\">Es un\u00a0fabricante de puertas de garaje y soluciones industriales, reconocido por su innovaci\u00f3n y calidad. La marca ofrece una amplia gama de productos, desde puertas de garaje residenciales seccionales (aisladas y no aisladas) hasta cortinas met\u00e1licas enrollables para comercios e industrias, cortafuegos y puertas de alto rendimiento. Se caracterizan por el uso de materiales duraderos como el acero galvanizado en caliente y la constante innovaci\u00f3n en sus dise\u00f1os.<\/p>\n<\/div>\n\n\n\n<div id=\"wp-block-themeisle-blocks-advanced-column-ce89eaf5\" class=\"wp-block-themeisle-blocks-advanced-column\">\n<figure class=\"wp-block-image size-full has-custom-border\"><img decoding=\"async\" src=\"https:\/\/www.ecbv.net\/wp-content\/uploads\/2026\/01\/doorlink-4400.webp\" alt=\"\" class=\"wp-image-1215\" style=\"border-radius:0px;aspect-ratio:3\/4;object-fit:cover\"\/><\/figure>\n<\/div>\n<\/div><\/section>\n\n\n\n<div class=\"wp-block-group alignfull has-white-background-color has-background has-global-padding is-layout-constrained wp-block-group-is-layout-constrained\" style=\"padding-top:7rem;padding-bottom:7rem\">\n<h1 class=\"wp-block-heading has-text-align-center has-black-color has-text-color has-link-color has-xx-large-font-size wp-elements-cf111a3bb33f05d49c95ee7952651590\" id=\"descubre-la-solucion-que-tu-proyecto-necesita\" style=\"margin-top:0;margin-bottom:20px;font-style:normal;font-weight:800;line-height:1.2\">Descubre la soluci\u00f3n que tu proyecto necesita.<\/h1>\n\n\n\n<p class=\"has-text-align-center has-black-color has-text-color has-link-color wp-elements-e5b81ecb0afc8cad66cc5ef5c27c2d34\" style=\"margin-bottom:var(--wp--preset--spacing--60)\"><\/p>\n\n\n\n<div class=\"wp-block-buttons is-content-justification-center is-layout-flex wp-container-core-buttons-is-layout-2b69d536 wp-block-buttons-is-layout-flex\" style=\"margin-bottom:var(--wp--preset--spacing--80)\">\n<div class=\"wp-block-button\"><a class=\"wp-block-button__link has-white-color has-black-background-color has-text-color has-background has-link-color has-custom-font-size wp-element-button\" style=\"border-radius:8px;padding-top:15px;padding-right:25px;padding-bottom:15px;padding-left:25px;font-size:clamp(14px, 0.875rem + ((1vw - 3.2px) * 0.392), 18px);font-style:normal;font-weight:600\">Solicitar Consulta<\/a><\/div>\n<\/div>\n<\/div>\n","protected":false},"excerpt":{"rendered":"<p>Descubre la soluci\u00f3n que tu proyecto necesita.<\/p>\n","protected":false},"author":1,"featured_media":0,"parent":0,"menu_order":0,"comment_status":"closed","ping_status":"closed","template":"","meta":{"footnotes":""},"class_list":["post-69","page","type-page","status-publish","hentry"],"_links":{"self":[{"href":"https:\/\/www.ecbv.net\/index.php\/wp-json\/wp\/v2\/pages\/69","targetHints":{"allow":["GET"]}}],"collection":[{"href":"https:\/\/www.ecbv.net\/index.php\/wp-json\/wp\/v2\/pages"}],"about":[{"href":"https:\/\/www.ecbv.net\/index.php\/wp-json\/wp\/v2\/types\/page"}],"author":[{"embeddable":true,"href":"https:\/\/www.ecbv.net\/index.php\/wp-json\/wp\/v2\/users\/1"}],"replies":[{"embeddable":true,"href":"https:\/\/www.ecbv.net\/index.php\/wp-json\/wp\/v2\/comments?post=69"}],"version-history":[{"count":0,"href":"https:\/\/www.ecbv.net\/index.php\/wp-json\/wp\/v2\/pages\/69\/revisions"}],"wp:attachment":[{"href":"https:\/\/www.ecbv.net\/index.php\/wp-json\/wp\/v2\/media?parent=69"}],"curies":[{"name":"wp","href":"https:\/\/api.w.org\/{rel}","templated":true}]}}